f 8570529?
2
What is the hundreds digit of 4402297?
2
What is the ten thousands digit of 867048?
6
What is the tens digit of 13028840?
4
What is the millions digit of 1265965?
1
What is the ten thousands digit of 33503?
3
What is the millions digit of 3050677?
3
What is the hundred thousands digit of 8906053?
9
What is the thousands digit of 6493661?
3
What is the hundred thousands digit of 646434?
6
What is the hundreds digit of 12344388?
3
What is the hundreds digit of 720597?
5
What is the hundreds digit of 451300?
3
What is the tens digit of 14569988?
8
What is the hundred thousands digit of 227801?
2
What is the units digit of 440762?
2
What is the hundred thousands digit of 204918?
2
What is the thousands digit of 618333?
8
What is the ten thousands digit of 4515893?
1
What is the thousands digit of 4081215?
1
What is the hundred thousands digit of 2443238?
4
What is the thousands digit of 122069?
2
What is the units digit of 1060928?
8
What is the hundreds digit of 574147?
1
What is the hundred thousands digit of 898274?
8
What is the tens digit of 31382?
8
What is the hundreds digit of 556232?
2
What is the hundreds digit of 3391813?
8
What is the millions digit of 11263693?
1
What is the units digit of 3625880?
0
What is the thousands digit of 214418?
4
What is the thousands digit of 703514?
3
What is the hundreds digit of 395680?
6
What is the tens digit of 1111682?
8
What is the hundred thousands digit of 879350?
8
What is the hundreds digit of 78085?
0
What is the tens digit of 6519329?
2
What is the tens digit of 38691?
9
What is the hundred thousands digit of 725226?
7
What is the hundreds digit of 1079698?
6
What is the hundreds digit of 2696999?
9
What is the tens digit of 286645?
4
What is the ten thousands digit of 1920582?
2
What is the tens digit of 17183241?
4
What is the thousands digit of 2705123?
5
What is the ten thousands digit of 59434?
5
What is the hundreds digit of 24443589?
5
What is the units digit of 3173912?
2
What is the ten thousands digit of 893318?
9
What is the ten thousands digit of 1140022?
4
What is the ten thousands digit of 381806?
8
What is the hundred thousands digit of 1533191?
5
What is the millions digit of 10067565?
0
What is the thousands digit of 4604966?
4
What is the hundred thousands digit of 1472390?
4
What is the hundreds digit of 13351547?
5
What is the ten thousands digit of 1321183?
2
What is the hundred thousands digit of 153933?
1
What is the hundred thousands digit of 290086?
2
What is the thousands digit of 822804?
2
What is the units digit of 155854?
4
What is the thousands digit of 1294244?
4
What is the thousands digit of 9329755?
9
What is the hundred thousands digit of 206918?
2
What is the tens digit of 14156?
5
What is the ten thousands digit of 3443407?
4
What is the thousands digit of 216120?
6
What is the hundreds digit of 3861885?
8
What is the hundred thousands digit of 997380?
9
What is the millions digit of 16983997?
6
What is the units digit of 394251?
1
What is the tens digit of 894091?
9
What is the tens digit of 4102137?
3
What is the units digit of 7260349?
9
What is the millions digit of 3060020?
3
What is the millions digit of 5502280?
5
What is the hundred thousands digit of 326508?
3
What is the thousands digit of 365238?
5
What is the millions digit of 2370690?
2
What is the hundreds digit of 14932090?
0
What is the hundreds digit of 1827147?
1
What is the hundreds digit of 488716?
7
What is the tens digit of 34977?
7
What is the ten thousands digit of 941861?
4
What is the units digit of 199817?
7
What is the hundred thousands digit of 385421?
3
What is the hundred thousands digit of 151854?
1
What is the thousands digit of 534833?
4
What is the hundreds digit of 144565?
5
What is the thousands digit of 912601?
2
What is the ten thousands digit of 21724272?
2
What is the ten thousands digit of 422461?
2
What is the millions digit of 6233600?
6
What is the units digit of 76044?
4
What is the thousands digit of 3053792?
3
What is the thousands digit of 3161984?
1
What is the hundred thousands digit of 22581703?
5
What is the units digit of 14784149?
9
What is the thousands digit of 807751?
7
What is the hundreds digit of 18020?
0
What is the thousands digit of 5547522?
7
What is the tens digit of 2512660?
6
What is the ten thousands digit of 85853?
8
What is the thousands digit of 55293?
5
What is the ten thousands digit of 529566?
2
What is the ten thousands digit of 324349?
2
What is the ten thousands digit of 854031?
5
What is the hundreds digit of 173639?
6
What is the tens digit of 4505447?
4
What is the hundreds digit of 11605335?
3
What is the hundred thousands digit of 218492?
2
What is the millions digit of 4616149?
4
What is the tens digit of 2240773?
7
What is the millions digit of 10166205?
0
What is the hundreds digit of 215142?
1
What is the units digit of 5162721?
1
What is the ten thousands digit of 367833?
6
What is the hundreds digit of 1927950?
9
What is the ten thousands digit of 6324557?
2
What is the hundreds digit of 1888115?
1
What is the tens digit of 340121?
2
What is the units digit of 250887?
7
What is the units digit of 625950?
0
What is the ten thousands digit of 474623?
7
What is the ten millions digit of 25157203?
2
What is the hundred thousands digit of 100090?
1
What is the hundreds digit of 134110?
1
What is the ten thousands digit of 402481?
0
What is the units digit of 6324382?
2
What is the millions digit of 1488302?
1
What is the tens digit of 3232388?
8
What is the hundreds digit of 1072352?
3
What is the hundred thousands digit of 3866478?
8
What is the ten thousands digit of 289816?
8
What is the ten thousands digit of 1293130?
9
What is the millions digit of 4298849?
4
What is the hundred thousands digit of 174805?
1
What is the hundreds digit of 1120370?
3
What is the thousands digit of 81539?
1
What is the hundreds digit of 443439?
4
What is the hundreds digit of 2072315?
3
What is the tens digit of 483403?
0
What is the tens digit of 873638?
3
What is the ten thousands digit of 18932210?
3
What is the tens digit of 4192590?
9
What is the ten thousands digit of 540713?
4
What is the hundreds digit of 2522935?
9
What is the tens digit of 18619493?
9
What is the ten thousands digit of 4353682?
5
What is the ten thousands digit of 2649642?
4
What is the hundred thousands digit of 5170171?
1
What is the hundred thousands digit of 235033?
2
What is the hundred thousands digit of 5083311?
0
What is the hundreds digit of 525742?
7
What is the thousands digit of 778726?
8
What is the hundred thousands digit of 6303333?
3
What is the units digit of 11538167?
7
What is the thousands digit of 36807?
6
What is the thousands digit of 438050?
8
What is the hundreds digit of 288211?
2
What is the ten thousands digit of 161979?
6
What is the tens digit of 329144?
4
What is the thousands digit of 10159380?
9
What is the millions digit of 10449639?
0
What is the ten thousands digit of 853650?
5
What is the hundreds digit of 10808?
8
What is the ten thousands digit of 1267737?
6
What is the millions digit of 2090777?
2
What is the ten thousands digit of 161044?
6
What is the hundred thousands digit of 341327?
3
What is the ten thousands digit of 16823793?
2
What is the tens digit of 273620?
2
What is the hundreds digit of 380044?
0
What is the thousands digit of 866749?
6
What is the tens digit of 602554?
5
What is the hundred thousands digit of 3469236?
4
What is the hundred thousands digit of 30831146?
8
What is the ten thousands digit of 233154?
3
What is the thousands digit of 756731?
6
What is the tens digit of 7988119?
1
What is the hundreds digit of 3481903?
9
What is the units digit of 1117919?
9
What is the ten thousands digit of 10305531?
0
What is the millions digit of 1572002?
1
What is the units digit of 301957?
7
What is the hundred thousands digit of 13366051?
3
What is the hundred thousands digit of 1006158?
0
What is the ten millions digit of 16037383?
1
What is the hundreds digit of 3451338?
3
What is the units digit of 4358589?
9
What is the tens digit of 850608?
0
What is the thousands digit of 3972970?
2
What is the hundred thousands digit of 352477?
3
What is the millions digit of 2065406?
2
What is the un